he greatest common divisor of 91 and n?
7
Let s be (0 - -1)/1 - (-160)/2. Let r be 2*(-8)/16 + s + 0. Let h(u) = 3*u - 2. Let v be h(4). Calculate the greatest common divisor of r and v.
10
Suppose 2*s - 8*s = -g - 10*s + 30, -7*s = 0. Suppose -5*x = 2*i - 952, 3*i - 11 = 2*x - 388. Calculate the greatest common factor of x and g.
10
Let m(k) = -k**3 + 3*k**2 + 8*k - 10. Let y be m(4). Let l be (-11)/(-2) - 25/(-50). Suppose -48 = -10*b + l*b. Calculate the greatest common factor of y and b.
6
Suppose -4210 = -16*x + 2355 - 2309. Calculate the highest common divisor of x and 1178.
38
Suppose -2*r - 35 = -7*r - 5*u, 5*r - 43 = -3*u. Suppose 15 = 5*z + 2*w - 52, 0 = -5*w + 30. Calculate the greatest common factor of z and r.
11
Suppose 5*y + 56 = 4*n + 148, -4*n + 3*y - 84 = 0. Let k be n/117 + 238/26. Let m be 18/15 + (-20)/(-25). What is the greatest common factor of m and k?
1
Let f = 189 - 186. Suppose -5*c + f*x = -234 - 72, -3*x + 114 = 2*c. Calculate the greatest common divisor of c and 4.
4
Suppose -2*h - 4 = 10. Let x = 87 + h. Let k(z) = z**3 + 3*z**2 - 9*z - 10. Let d be k(-4). What is the highest common factor of d and x?
10
Let a = -379 - 183. Let y = a - -589. What is the highest common divisor of y and 351?
27
Let l = 7084 + -4780. What is the greatest common divisor of l and 9?
9
Let f be -7*15/(-385) - (-78269)/913. Let m(b) = b**3 + 9*b**2 + 5*b + 8. Let a be m(-6). What is the highest common factor of a and f?
86
Let i = 72 + -53. Let j = i + -16. Suppose 6 - 2 = 4*u. What is the highest common factor of j and u?
1
Let o = -400 + 676. Let f = o + 620. Calculate the greatest common factor of 64 and f.
64
Let r(a) = 11*a**2 - 2. Let j be r(-2). Suppose 3*z - 3*s = 45, -8 = 4*z - 5*s - 65. Calculate the greatest common divisor of j and z.
6
Let z(c) = -3*c + 18. Let v be z(21). Let f be ((-1)/3 + -1)/((-10)/v). Let g(p) = -2*p**2 - 14*p. Let o be g(f). What is the greatest common factor of 6 and o?
6
Let i(o) = 32*o**2 - 323*o - 1890. Let f be i(-6). Calculate the highest common factor of f and 150.
150
Let i(o) = o**2 + 4*o - 16. Let r be i(0). Let k be (r/(-12))/((-6)/(-9)). Suppose 20 - k = 6*y. Calculate the greatest common divisor of 51 and y.
3
Let c be 113/3 - (-8)/24. Suppose -c = -u + 28. Suppose 2*g - 4*v - 48 = 0, u = 4*g - 5*v - 33. Calculate the highest common factor of 65 and g.
13
Let h = 1111 - 1093. Calculate the greatest common factor of 3771 and h.
9
Suppose -94*y - 245 = -99*y. Suppose -3*a + 84 = p, -y = -2*p - 3*a + 110. Let q = -58 - -88. What is the highest common factor of p and q?
15
Suppose 4*i - 78 = 3*a, -2 = a - 0*a. Suppose -n = -194 + i. What is the highest common divisor of n and 22?
22
Let b = 89 + -30. Suppose 0 = -s - 0*s + 189. Suppose -5*k - b = -s. What is the highest common divisor of 65 and k?
13
Suppose b - 3*b - 3*y + 7 = 0, 0 = -2*y + 10. Let v be (b/3)/(8/3 + -3). Calculate the greatest common factor of 16 and v.
4
Let s(p) = -47 + 16*p - 3*p + 0*p + 10 - 28. Let h be s(7). Calculate the greatest common factor of h and 377.
13
Let b(j) = -3*j**3 + 14*j**2 + 239*j - 22. Let t be b(-13). What is the highest common divisor of 124 and t?
124
Suppose 10*t - 1917 = -8247. Let d = t + 721. Calculate the greatest common divisor of d and 242.
22
Suppose 104*k - 332 = 100*k. Calculate the highest common factor of k and 6557.
83
Suppose -176*n = -198*n + 44330. What is the greatest common factor of 130 and n?
65
Let d be 18/(-4)*8/(-6). Suppose 87*n - 20727 = 108*n. Let a = 993 + n. What is the highest common factor of d and a?
6
Suppose -21*q = -10391 - 239970 - 120961. Calculate the greatest common divisor of 21 and q.
21
Let d = -29 + 29. Let i = -8 - d. Let z be (1 - i) + 4 - 2. Calculate the greatest common factor of z and 11.
11
Let d = -73 - -162. Let b = -79 + d. Suppose -520 = -b*g + 740. Calculate the greatest common factor of g and 42.
42
Let v be (4/4)/(28/4704). Let b(p) = 3*p**2 - p - 51. Let f be b(-6). Calculate the highest common divisor of f and v.
21
Suppose 4*k = -90 - 966. Let t = k - -273. Suppose 5*m = 117 + 288. Calculate the highest common divisor of m and t.
9
Suppose 10*v - 7285 = -8861 + 22816. Calculate the highest common divisor of 72 and v.
36
Suppose -34*n - 6711 = -12975 - 14544. Let i be 1/(-6) - 5208/(-144). Calculate the greatest common divisor of i and n.
36
Suppose 0 = 3*u + 24 - 36. Suppose -3*g = -2*z + g - u, 3*z - 27 = -5*g. Let s be -7*(0 - z - -3). Calculate the highest common factor of 63 and s.
7
Suppose -15*n + 16*n = 3*i + 73, 5*n + 4*i = 460. Calculate the greatest common factor of n and 2552.
88
Let v = 347 + 49. Calculate the greatest common divisor of 32 and v.
4
Let p(v) = -5*v + 10 + 2*v - v**2 + 4*v. Let y be p(0). Let b(f) = f**3 + 28*f**2 + 8*f + 239. Let k be b(-28). What is the highest common factor of y and k?
5
Let h(k) = k**3 + 9*k**2 + 10*k + 7. Let n be h(-7). Let o = -12404 - -12425. What is the greatest common divisor of n and o?
7
Suppose -5*j = -2*a + a - 15642, -12534 = -4*j - 6*a. Calculate the highest common factor of 21 and j.
21
Let o = -426 - -442. Let c be 1*o - 14/2. What is the highest common divisor of c and 117?
9
Let y = -47508 + 122436. Calculate the highest common factor of 14 and y.
14
Suppose -13 - 113 = -3*o. Suppose 49 = 2*d - 5*g, 74*g = 5*d + 78*g - 238. Calculate the highest common factor of d and o.
42
Let c = 749 - -267. Suppose -4*a - 4124 = -5*z, a - 3*z + c = 2*z. Let n be a/(-20) - 2/(-10). What is the greatest common factor of n and 26?
26
Let g = 43 + 783. Let t = g + -546. What is the greatest common factor of 7 and t?
7
Suppose 5*b = -4*h + 24, 15*b + 4 = 16*b + h. Calculate the greatest common factor of 968 and b.
8
Suppose -r + h + 2*h = -17, 0 = -3*r + 2*h + 23. Suppose 2*o + 2*o = r*o. Let d be -1 + (o - 1) + 29. What is the greatest common divisor of d and 216?
27
Let n be 1089/12 - 12/16. Let p = -60 + n. Calculate the greatest common divisor of p and 30.
30
Suppose -5*k - 1697 = -135*q + 132*q, -4*k + 4456 = 8*q. Calculate the highest common divisor of 169 and q.
13
Suppose -65*q + 6740 = 1800. What is the highest common divisor of q and 1729?
19
Suppose 124*d - 3514 = 176 + 30. Suppose 2 - 32 = -2*x. What is the greatest common divisor of d and x?
15
Let s = -596 + 673. Suppose 4*x + 3*l - 97 - 208 = 0, -x = l - s. Calculate the highest common factor of 444 and x.
74
Suppose -g + 710 = 2*n, -7*g = 4*n - 11*g - 1444. Let x = -307 + 409. What is the greatest common factor of n and x?
51
Let i = 799 + -786. Let h(k) = -11*k - 13. Let u be h(11). Let b = 199 + u. What is the highest common divisor of b and i?
13
Let b(l) be the second derivative of -11*l + 0 - 1/2*l**2 - 1/6*l**4 + 1/3*l**3 + 39/20*l**5. Let h be b(1). What is the highest common factor of 418 and h?
38
Let o = 2252 + -844. Suppose 0 = x - 9 + 6. Suppose -x*z = -11*z + o. What is the greatest common divisor of z and 16?
16
Suppose -42*j + 17*j + 1150 = 0. Suppose 20*q - q = 4370. Calculate the highest common divisor of q and j.
46
Let a be -5*4/(-8)*10108/190. What is the greatest common divisor of a and 49?
7
Suppose -48 = -2*k + 4*j - 14, 3*j + 34 = 2*k. Let n(h) = -2*h**2 + 35*h + 8. Let w be n(k). What is the greatest common divisor of w and 5?
5
Let a = 304 - 316. Let n(u) = -25*u - 293. Let f be n(a). What is the greatest common factor of 3 and f?
1
Suppose 3*i + 3*g - 10437 = 0, -60*g + 6950 = 2*i - 62*g. Calculate the greatest common factor of i and 183.
183
Suppose 9*z + 46 = 8*z. Let a be (-510)/z + (-4)/46. Calculate the highest common factor of 187 and a.
11
Let s(u) be the second derivative of 3*u**3/2 + 2*u. Let q be s(3). Suppose -7 = 3*g - 13, 3*l + 3*g - 573 = 0. Calculate the highest common divisor of q and l.
27
Suppose 42742 = -215*h + 357*h. Calculate the greatest common divisor of h and 21.
7
Suppose 74*v - 798 + 428 = 0. Let k = -29 - -49. Calculate the highest common factor of v and k.
5
Let b be ((-693)/(-9))/(406/232). Calculate the greatest common divisor of 32252 and b.
44
Suppose 3*t + u = 1772, 5*t - 39*u + 35*u - 2942 = 0. What is the greatest common divisor of t and 35105?
295
Let k = 6427 + -6399. Suppose -2*s = 4*d - 2, 5*d = -s - 0*s - 2. Suppose -s*j + j = -224. What is the greatest common